31
Calculate the highest common divisor of 43 and 7613408.
43
Calculate the greatest common factor of 6936 and 229840.
136
Calculate the greatest common factor of 1271 and 13023937.
1271
What is the greatest common divisor of 522 and 14180094?
18
Calculate the highest common divisor of 1988 and 2515814.
994
What is the greatest common divisor of 10085145 and 1382?
691
Calculate the greatest common factor of 262397 and 27499.
257
What is the greatest common factor of 3432 and 4885296?
312
Calculate the greatest common divisor of 1232 and 2422.
14
Calculate the highest common divisor of 40 and 4895020.
20
What is the highest common factor of 69253 and 9729?
23
Calculate the highest common factor of 23688 and 1168902.
126
Calculate the greatest common factor of 4522 and 396882.
34
Calculate the greatest common factor of 19942636 and 21.
7
What is the highest common divisor of 510 and 100440114?
102
What is the greatest common factor of 18161 and 10327005?
1651
Calculate the greatest common divisor of 2443325 and 5032.
17
Calculate the greatest common divisor of 1079666 and 289639.
1127
Calculate the greatest common divisor of 1036485 and 3195.
45
Calculate the greatest common factor of 2716530 and 1587.
69
What is the greatest common divisor of 36 and 16518258?
18
Calculate the greatest common divisor of 954 and 32797407.
159
What is the highest common factor of 2108470 and 3204110?
6370
Calculate the greatest common factor of 99796 and 2257.
61
Calculate the highest common divisor of 20 and 389506270.
10
What is the greatest common factor of 3720612 and 1932?
84
What is the greatest common divisor of 22490 and 47575?
865
What is the greatest common divisor of 12021078 and 5634?
1878
What is the highest common divisor of 8697698 and 150020?
1154
What is the highest common factor of 51040 and 24828640?
4640
Calculate the highest common divisor of 4182730 and 100.
10
Calculate the highest common divisor of 2577012 and 46.
46
What is the greatest common factor of 420448 and 31696?
112
Calculate the greatest common factor of 4376 and 89519832.
4376
What is the greatest common factor of 240013525 and 1059?
353
Calculate the highest common factor of 37994385 and 16445.
715
What is the greatest common factor of 10950 and 4195164?
438
What is the greatest common divisor of 15 and 71903670?
15
Calculate the greatest common factor of 190262 and 2918.
2
What is the greatest common divisor of 1323 and 19110411?
27
Calculate the greatest common divisor of 282204248 and 8.
8
Calculate the greatest common divisor of 303105 and 4386255.
2505
Calculate the highest common divisor of 1415466 and 2195856.
5382
What is the greatest common factor of 34891 and 13669613?
851
What is the highest common factor of 2552762 and 350032?
334
What is the greatest common divisor of 3825 and 763895850?
1275
What is the highest common divisor of 3750 and 65835?
15
What is the highest common factor of 44300 and 7585932?
1772
Calculate the greatest common divisor of 65 and 8824045.
5
What is the highest common divisor of 477 and 21840717?
159
What is the greatest common factor of 13340126 and 3579?
1193
What is the highest common divisor of 563761 and 132?
11
What is the highest common factor of 170 and 138653615?
85
Calculate the highest common divisor of 1363907 and 93.
31
Calculate the greatest common divisor of 322 and 2337536.
46
What is the highest common factor of 81972 and 89991?
891
Calculate the highest common factor of 598 and 290271293.
299
What is the highest common factor of 10000 and 3471920?
80
What is the greatest common factor of 30 and 136041900?
30
What is the greatest common factor of 489137 and 5671?
53
What is the highest common divisor of 180564 and 152520?
492
Calculate the highest common factor of 5214656 and 24.
8
Calculate the greatest common factor of 5198886 and 25389.
1953
What is the greatest common divisor of 58756 and 250507?
397
Calculate the greatest common factor of 1058128575 and 1050.
525
What is the greatest common divisor of 1569258 and 774?
18
What is the highest common factor of 10 and 9796684?
2
Calculate the highest common factor of 36579432 and 24.
24
What is the greatest common factor of 1591 and 218139?
43
Calculate the greatest common factor of 12 and 37729404.
12
Calculate the greatest common factor of 41904 and 1440774.
54
Calculate the greatest common factor of 1007 and 676654657.
1007
What is the highest common factor of 21958258 and 13706?
1246
What is the highest common divisor of 132923 and 4?
1
What is the greatest common factor of 72 and 27470776?
8
Calculate the greatest common divisor of 8 and 3682976.
8
What is the highest common factor of 45150 and 7611?
129
What is the greatest common divisor of 769773 and 421853?
4349
What is the greatest common divisor of 246123094 and 28?
14
Calculate the highest common factor of 28342636 and 131.
131
Calculate the greatest common divisor of 648743 and 11972.
41
Calculate the highest common factor of 248741 and 3765.
251
What is the greatest common factor of 14 and 185544590?
14
What is the greatest common divisor of 415334728 and 7416?
824
Calculate the greatest common factor of 365400 and 396662.
406
What is the greatest common divisor of 60 and 12483675?
15
Calculate the greatest common divisor of 78 and 40750333.
13
Calculate the highest common divisor of 1695 and 160965.
15
Calculate the greatest common divisor of 1985 and 170.
5
What is the highest common factor of 1279030 and 10?
10
Calculate the highest common factor of 22991 and 14354518.
83
What is the highest common factor of 94877 and 20927?
17
Calculate the highest common factor of 116857 and 1130389.
1157
What is the greatest common factor of 25 and 67676725?
25
Calculate the highest common factor of 62592270 and 46930.
2470
Calculate the greatest common factor of 40920 and 11091300.
660
What is the highest common divisor of 1901351 and 19933?
643
What is the highest common divisor of 19280542 and 43018?
314
What is the greatest common factor of 534690 and 181350?
1170
What is the highest common divisor of 542570 and 2160844?
4718
What is the highest common divisor of 561 and 289267?
11
What is the greatest common divisor of 1248 and 1930812?
156
What is the greatest common divisor of 301044 and 1152?
12
Calculate the greatest common divisor of 203400 and 316620.
180
What is the highest common divisor of 307623330 and 3060?
1530
What is the highest common factor of 3836 and 25957372?
28
Calculate the greatest common divisor of 261504 and 1327104.
1152
What is the greatest common factor of 321358 and 191962?
82
Calculate the highest common factor of 10134 and 11966.
2
What is the greatest common divisor of 203781 and 2727?
3
Calculate the highest common factor of 1693 and 17500541.
1693
Calculate the highest common factor of 4173334 and 88.
22
Calculate the highest common factor of 10001 and 6540727.
73
Calculate the greatest common divisor of 16434375 and 15625.
3125
Calculate the greatest common factor of 4726 and 815558.
34
What is the highest common divisor of 932 and 33784301?
233
What is the greatest common factor of 57 and 83849109?
57
Calculate the highest common divisor of 30239 and 30657.
11
What is the greatest common divisor of 8255330 and 86?
2
What is the highest common divisor of 1326 and 10694619?
39
Calculate the greatest common factor of 26 and 1758392636.
26
Calculate the highest common factor of 3220529 and 1196.
299
What is the greatest common factor of 11790 and 5634?
18
Calculate the highest common factor of 1050 and 29518090.
70
What is the highest common factor of 6 and 25183650?
6
What is the highest common factor of 3905 and 2691326?
781
Calculate the highest common factor of 147 and 9835623.
147
Calculate the greatest common divisor of 19432 and 32966041.
347
What is the greatest common divisor of 564 and 68993979?
141
Calculate the highest common factor of 158311 and 7094125.
2987
What is the highest common factor of 6549 and 75180337?
2183
What is the highest common factor of 339581492 and 1473?
491
Calculate the highest common factor of 173327683 and 487.
487
Calculate the highest common factor of 193616 and 576.
16
Calculate the highest common factor of 6874605 and 675.
135
What is the